what is -7 - -257?
250
In base 13, what is -73 + 16066?
15cc3
In base 16, what is -4 - -96be?
96ba
In base 12, what is -716 - -333?
-3a3
In base 6, what is 4 + -4415?
-4411
In base 6, what is 5011054 - -1?
5011055
In base 8, what is 21 - -2266?
2307
In base 10, what is -79159 - -2?
-79157
In base 6, what is 1 - -10454415?
10454420
In base 10, what is 46 - 154?
-108
In base 12, what is -2973a54 - -3?
-2973a51
In base 12, what is a - -1561?
156b
In base 3, what is 10002 + 1211100200?
1211110202
In base 11, what is 27 + -171?
-145
In base 11, what is -3 + -6879?
-6881
In base 11, what is -24038 - -59?
-23a8a
In base 8, what is -2 - 6461?
-6463
In base 10, what is -2649 + -2?
-2651
In base 11, what is 5 + 45990?
45995
In base 12, what is -2 - -102?
100
In base 16, what is 32 + -10bf?
-108d
In base 11, what is -72110 + -5?
-72115
In base 4, what is -1020 - -101221?
100201
In base 4, what is -100331 - -21011?
-13320
In base 6, what is -434232 - 1?
-434233
In base 12, what is 393 - -1?
394
In base 5, what is 10 + -1434122?
-1434112
In base 3, what is 10210020020 - 20?
10210020000
In base 5, what is -101 + 1014?
413
In base 5, what is 12422411 + 13?
12422424
In base 9, what is -1866 - -146?
-1720
In base 11, what is 0 + -475?
-475
In base 16, what is -2 + -d8af?
-d8b1
In base 15, what is 980e - 0?
980e
In base 3, what is -2110011 - 12?
-2110100
In base 9, what is 10 - -12208?
12218
In base 3, what is 12211 - 2210212?
-2121001
In base 16, what is -43 - 949?
-98c
In base 15, what is 11ddd - 3?
11dda
In base 10, what is 14 - 9708?
-9694
In base 15, what is -19dd0 - 4?
-19dd4
In base 7, what is -101443 - -25?
-101415
In base 3, what is 1122 - 102211?
-101012
In base 10, what is 828909 - 4?
828905
In base 16, what is -672b - -5?
-6726
In base 12, what is 17 + 72?
89
In base 4, what is 320 - 30110320?
-30110000
In base 7, what is -252533 + -5?
-252541
In base 16, what is ee9 + -8?
ee1
In base 10, what is -1078 - -129?
-949
In base 11, what is -1018 - 9a?
-1107
In base 4, what is -132 - 1230223?
-1231021
In base 7, what is -10311 + -302?
-10613
In base 7, what is 66 - 120?
-21
In base 9, what is 46061 + 4?
46065
In base 12, what is 147 + -b91?
-a46
In base 12, what is 3b - 102?
-83
In base 15, what is 13d - -8b9?
a07
In base 4, what is -121 - 210231?
-211012
In base 8, what is 2746247 + 5?
2746254
In base 3, what is -11 + -1121120012020?
-1121120012101
In base 15, what is -11ba - -18?
-11a2
In base 7, what is -42 + -22240?
-22312
In base 3, what is -10110 - -21000?
10120
In base 8, what is -1052 - 23?
-1075
In base 14, what is -9 + -41208?
-41213
In base 16, what is 7 + 91e?
925
In base 11, what is 3 - 11408a6?
-11408a3
In base 10, what is 10011790 - 5?
10011785
In base 14, what is 97 + 6855?
690c
In base 7, what is -301406 - -11?
-301365
In base 15, what is 1 + 4483?
4484
In base 9, what is 840834 + 2?
840836
In base 15, what is -6c8e - -4?
-6c8a
In base 4, what is 13 + 220230?
220303
In base 16, what is 45d66a - -5?
45d66f
In base 12, what is 522 - -310?
832
In base 9, what is -167 - -66?
-101
In base 13, what is -2 + -1b7645?
-1b7647
In base 16, what is -4 - -49898?
49894
In base 4, what is -10 - 2110222?
-2110232
In base 15, what is -2 + 1e227?
1e225
In base 11, what is 20881 - 5?
20877
In base 10, what is 1209 + -78?
1131
In base 4, what is 12312 + 210?
13122
In base 5, what is -24 + -433001?
-433030
In base 4, what is -20131100 - -3002?
-20122032
In base 7, what is 13613 - 102?
13511
In base 2, what is -110 - -10100110010101101110?
10100110010101101000
In base 11, what is -4 - -158a5?
158a1
In base 12, what is -112060 - -2?
-11205a
In base 13, what is -110 + 783?
673
In base 3, what is 2202021 + -20?
2202001
In base 11, what is a478 + 6?
a483
In base 9, what is 4158730 + 1?
4158731
In base 15, what is 3aa63 - 3?
3aa60
In base 13, what is -20442 - 0?
-20442
In base 12, what is 2 - -1226?
1228
In base 6, what is -110405 - 21?
-110430
In base 14, what is -1cd7 - -5d?
-1c78
In base 9, what is -138 + -668?
-817
In base 14, what is -2d838 + 1?
-2d837
In base 5, what is -421 + -3202?
-4123
In base 8, what is 313 - -2044?
2357
In base 12, what is -247b6 + -20?
-24816
In base 13, what is 10bc17 - -4?
10bc1b
In base 5, what is 100 + -4234140?
-4234040
In base 14, what is -2325 - 1?
-2326
In base 9, what is 240425 + 0?
240425
In base 9, what is -15160 - 25?
-15185
In base 8, what is -1 - 16011?
-16012
In base 2, what is -1011010001100 - 100?
-1011010010000
In base 15, what is 30ab - -8?
30b4
In base 2, what is -11100 - -101011?
1111
In base 10, what is -153043 - -4?
-153039
In base 13, what is -4616a - -2?
-46168
In base 12, what is 6002 + -38?
5b86
In base 6, what is -302 + -1251?
-1553
In base 2, what is -11 + 1000010100110?
1000010100011
In base 7, what is 33021220 + 0?
33021220
In base 3, what is 11 - -1220111221?
1220112002
In base 11, what is 442 + 943?
1285
In base 2, what is 1001 - 100011110010010101?
-100011110010001100
In base 2, what is 1011100010111 - 10111?
1011100000000
In base 15, what is 5 + -ac7e?
-ac79
In base 5, what is 12 - -2341044?
2341111
In base 8, what is 144575 - -1?
144576
In base 5, what is -333 + -2243203?
-2244041
In base 10, what is 5070 - 4?
5066
In base 5, what is -30 + 101343?
101313
In base 2, what is -100 + 111011010011110?
111011010011010
In base 5, what is 34444401 - 11?
34444340
In base 13, what is -c79a + -30?
-c7ca
In base 15, what is 2c7462 + 4?
2c7466
In base 14, what is 55915 - 4?
55911
In base 13, what is 7 + -51cc?
-51c5
In base 3, what is 1122120 - -10?
1122200
In base 10, what is -303407 + -2?
-303409
In base 8, what is -175004 - 7?
-175013
In base 2, what is -1001111101 - -10101011?
-111010010
In base 13, what is 580b7b + -1?
580b7a
In base 7, what is 121 + 31404?
31525
In base 10, what is 56 + 6305?
6361
In base 13, what is 457 + -20?
437
In base 2, what is 10 + -110000000101?
-110000000011
In base 6, what is -45 - 1154551?
-1155040
In base 11, what is -10 + -90831?
-90841
In base 14, what is 2 + -19a98?
-19a96
In base 5, what is -120142 + 3?
-120134
In base 3, what is 10 - 1122121?
-1122111
In base 11, what is -217 + 17?
-200
In base 5, what is 22330022 + -4?
22330013
In base 14, what is 3 + -1923a?
-19237
In base 9, what is 2 + -27623?
-27621
In base 14, what is 4 - -b728?
b72c
In base 9, what is 1 + -1273501?
-1273500
In base 10, what is 4 - -608071?
608075
In base 16, what is 34 - -3e9?
41d
In base 16, what is -29 + 1f4?
1cb
In base 3, what is -2 + -12111211?
-12111220
In base 15, what is -1aae3 - -5?
-1aadd
In base 10, what is -257 - -179?
-78
In base 11, what is 10107 + -20a?
a9a8
In base 13, what is -1 + -c2b5?
-c2b6
In base 15, what is d + 240b?
2419
In base 10, what is -10057 + -62?
-10119
In base 6, what is -3242100 + 5?
-3242051
In base 9, what is -4 + -834468?
-834473
In base 4, what is -302123 - 11?
-302200
In base 16, what is -bc - -e1?
25
In base 2, what is -11 - -1001000000110111110?
1001000000110111011
In base 3, what is 20200111001210 + 1?
20200111001211
In base 14, what is 35 - -a0c?
a43
In base 3, what is 12212 + 1110102?
1200021
In base 16, what is 9db + -31?
9aa
In base 4, what is 11330130233 + 0?
11330130233
In base 3, what is 21110 - 1212220?
-1121110
In base 3, what is 110010221 - -220?
110011211
In base 6, what is -542524 - -3?
-542521
In base 8, what is 43661 - -6?
43667
In base 7, what is -110003 - 104?
-110110
In base 13, what is 7c2 + -5?
7ba
In base 11, what is -6472 - -5?
-6468
In base 15, what is -5 - -2c65?
2c60
In base 16, what is -5 + -5c4e5?
-5c4ea
In base 15, what is -23 - -1d75?
1d52
In base 2, what is -10101 + -11100001000001?
-11100001010110
In base 14, what is 1d8 - -1c2?
3ba
In base 12, what is 9 - -ab6?
b03
In base 9, what is 570337 - 0?
570337
In base 4, what is 11 + -11103301?
-11103230
In base 3, what is -102110 + -10010?
-112120
In base 3, what is -11000001012100 + 1?
-11000001012022
In base 10, what is 36206 - 10?
36196
In base 8, what is 24 - 11201?
-11155
In base 3, what is -102201 + -22211?
-202112
In base 13, what is 1aa0352 + 0?
1aa0352
In base 6, what is 11103 + 1253?
12400
In base 9, what is 5106 + 5?
5112
In base 2, what is -101 - 10011111011101?
-10011111100010
In base 2, what is -1000 + 1010101000110?
1010100111110
In base 14, what is 1b2 - -11?
1c3
I